e units digit of 48092971?
1
What is the hundred thousands digit of 1287333229?
3
What is the hundred thousands digit of 1379447984?
4
What is the billions digit of 2148263730?
2
What is the millions digit of 3395499599?
5
What is the billions digit of 1465204342?
1
What is the hundred thousands digit of 117781504?
7
What is the tens digit of 340662284?
8
What is the thousands digit of 1005740789?
0
What is the hundred millions digit of 2261027129?
2
What is the units digit of 50396137?
7
What is the hundred thousands digit of 40286363?
2
What is the millions digit of 35355251?
5
What is the hundred thousands digit of 75057912?
0
What is the hundred millions digit of 2308376100?
3
What is the billions digit of 4026698645?
4
What is the ten thousands digit of 59342958?
4
What is the millions digit of 160178923?
0
What is the millions digit of 179099593?
9
What is the tens digit of 338095023?
2
What is the millions digit of 63044812?
3
What is the tens digit of 3947139?
3
What is the units digit of 86760361?
1
What is the thousands digit of 24953900?
3
What is the tens digit of 728408362?
6
What is the ten millions digit of 14752880?
1
What is the hundred thousands digit of 262651552?
6
What is the millions digit of 83766690?
3
What is the millions digit of 36676602?
6
What is the thousands digit of 3737189520?
9
What is the hundred thousands digit of 838701363?
7
What is the ten thousands digit of 3131102546?
0
What is the hundreds digit of 1562407381?
3
What is the ten millions digit of 4195862474?
9
What is the thousands digit of 3284646172?
6
What is the ten millions digit of 110053094?
1
What is the thousands digit of 79989806?
9
What is the millions digit of 1518549997?
8
What is the ten millions digit of 34001037?
3
What is the hundreds digit of 229227702?
7
What is the units digit of 316673?
3
What is the hundreds digit of 59577056?
0
What is the ten thousands digit of 426978896?
7
What is the ten millions digit of 42046154?
4
What is the hundred thousands digit of 120998801?
9
What is the ten thousands digit of 752585193?
8
What is the hundred thousands digit of 7688518?
6
What is the ten thousands digit of 33242099?
4
What is the tens digit of 114723776?
7
What is the tens digit of 65241609?
0
What is the hundreds digit of 1788449?
4
What is the hundred millions digit of 2153434089?
1
What is the ten thousands digit of 38118038?
1
What is the hundred thousands digit of 1497212745?
2
What is the units digit of 25307866?
6
What is the millions digit of 3906596669?
6
What is the ten millions digit of 294180297?
9
What is the tens digit of 39413706?
0
What is the thousands digit of 59332631?
2
What is the ten thousands digit of 655575881?
7
What is the billions digit of 1213955400?
1
What is the ten thousands digit of 2535212831?
1
What is the ten millions digit of 1207348025?
0
What is the millions digit of 552373786?
2
What is the units digit of 499140380?
0
What is the hundred thousands digit of 680823435?
8
What is the thousands digit of 255617990?
7
What is the units digit of 134874558?
8
What is the hundred thousands digit of 53721205?
7
What is the hundred thousands digit of 3396834917?
8
What is the ten thousands digit of 42490459?
9
What is the hundreds digit of 1537255684?
6
What is the tens digit of 3502457672?
7
What is the billions digit of 1935864162?
1
What is the hundreds digit of 478542986?
9
What is the hundred millions digit of 689646362?
6
What is the hundred thousands digit of 169704383?
7
What is the tens digit of 11893590?
9
What is the hundreds digit of 28800274?
2
What is the ten thousands digit of 1836394017?
9
What is the millions digit of 1203601616?
3
What is the tens digit of 31117649?
4
What is the tens digit of 365354855?
5
What is the units digit of 78983805?
5
What is the ten millions digit of 13232696?
1
What is the units digit of 33718457?
7
What is the hundred thousands digit of 14385595?
3
What is the units digit of 58314958?
8
What is the ten millions digit of 405307026?
0
What is the thousands digit of 94075276?
5
What is the thousands digit of 8512495?
2
What is the thousands digit of 44169920?
9
What is the tens digit of 483015126?
2
What is the tens digit of 241025704?
0
What is the hundred millions digit of 1799099683?
7
What is the millions digit of 185264427?
5
What is the millions digit of 63085428?
3
What is the ten millions digit of 3456680652?
5
What is the thousands digit of 541055799?
5
What is the ten thousands digit of 1841881071?
8
What is the hundred millions digit of 104444952?
1
What is the tens digit of 2870259693?
9
What is the thousands digit of 156481296?
1
What is the hundreds digit of 973347033?
0
What is the tens digit of 604055592?
9
What is the millions digit of 1356151094?
6
What is the thousands digit of 487406219?
6
What is the hundred millions digit of 125643061?
1
What is the tens digit of 6470040?
4
What is the hundred millions digit of 210869983?
2
What is the hundred millions digit of 1505966165?
5
What is the hundred thousands digit of 51118971?
1
What is the hundred millions digit of 429657956?
4
What is the hundred thousands digit of 419616655?
6
What is the thousands digit of 571775346?
5
What is the ten thousands digit of 138732254?
3
What is the ten millions digit of 18039217?
1
What is the hundred millions digit of 148437890?
1
What is the thousands digit of 90054899?
4
What is the hundreds digit of 1240153190?
1
What is the millions digit of 30715187?
0
What is the millions digit of 19961363?
9
What is the hundreds digit of 6119842430?
4
What is the ten millions digit of 1652022322?
5
What is the tens digit of 44483499?
9
What is the ten thousands digit of 1665757?
6
What is the ten thousands digit of 191815689?
1
What is the hundred millions digit of 436439358?
4
What is the ten thousands digit of 106600440?
0
What is the ten thousands digit of 13456612?
5
What is the units digit of 58536400?
0
What is the hundred millions digit of 233721108?
2
What is the hundreds digit of 118574355?
3
What is the thousands digit of 102646576?
6
What is the units digit of 63131607?
7
What is the hundred thousands digit of 8494412?
4
What is the tens digit of 1004011505?
0
What is the tens digit of 336085190?
9
What is the tens digit of 8005056?
5
What is the tens digit of 268591709?
0
What is the units digit of 64184292?
2
What is the ten millions digit of 3900862143?
0
What is the units digit of 636227987?
7
What is the hundred thousands digit of 5050057986?
0
What is the units digit of 587685960?
0
What is the millions digit of 62591686?
2
What is the hundred millions digit of 168794800?
1
What is the hundreds digit of 716221764?
7
What is the ten millions digit of 231773713?
3
What is the ten thousands digit of 2087333864?
3
What is the billions digit of 1677641532?
1
What is the ten millions digit of 710080399?
1
What is the tens digit of 75116454?
5
What is the ten thousands digit of 583205858?
0
What is the units digit of 380745646?
6
What is the hundreds digit of 353998284?
2
What is the tens digit of 3147991773?
7
What is the units digit of 691759742?
2
What is the hundred millions digit of 222125997?
2
What is the units digit of 172316172?
2
What is the hundred thousands digit of 3048728341?
7
What is the tens digit of 5073756?
5
What is the units digit of 1952577162?
2
What is the ten millions digit of 234949067?
3
What is the billions digit of 2370518978?
2
What is the millions digit of 247518934?
7
What is the hundreds digit of 137314499?
4
What is the ten millions digit of 121924508?
2
What is the hundred thousands digit of 249565071?
5
What is the ten millions digit of 5352437560?
5
What is the hundreds digit of 335999424?
4
What is the thousands digit of 704620617?
0
What is the thousands digit of 88120216?
0
What is the millions digit of 25119771?
5
What is the hundreds digit of 3193001333?
3
What is the hundred thousands digit of 12299866?
2
What is the tens digit of 111452292?
9
What is the tens digit of 517413438?
3
What is the hundreds digit of 874187570?
5
What is the hundred millions digit of 1703113935?
7
What is the millions digit of 50026629?
0
What is the tens digit of 66461982?
8
What is the ten thousands digit of 36982957?
8
What is the ten